Let g(o) = -o**3 + 9*o**2 + 21*o + 2. What is g(11)?
-9
Let p(j) = -2*j**3 + 6*j**2 - 5*j + 13. Give p(4).
-39
Let p(n) = -2*n**2 - 3*n. Determine p(7).
-119
Let u(n) = 11*n - 59. Calculate u(6).
7
Let g(k) = -3*k - 30. Calculate g(-8).
-6
Let q(s) = 8*s - 185. Give q(24).
7
Let t(o) = o**3 + 3*o**2 - 11. Calculate t(-5).
-61
Let z(f) = 11*f**2 + 5*f - 1. Determine z(-2).
33
Let t(q) = q**3 + 7*q**2 + 4*q + 5. Calculate t(-5).
35
Let b(x) = x**3 + 7*x**2 + x + 8. Calculate b(-7).
1
Let z(d) = 2*d**2 - 20*d + 3. Calculate z(11).
25
Let u(x) = x**2 - 8*x + 2. Determine u(7).
-5
Let d(n) = -n - 7. Determine d(-7).
0
Let h(a) = a**2 + 3*a + 1. Calculate h(4).
29
Let h(v) = -v**2 + 9*v - 1. Calculate h(16).
-113
Let t(p) = -3*p**3 - 4*p**2 + 2*p + 2. Calculate t(-2).
6
Let f(w) = -5*w**2 + 59*w + 18. Determine f(12).
6
Let x(q) = 20*q**2 - q + 1. Determine x(1).
20
Let c(u) = -u**2 - 11*u - 2. Calculate c(-12).
-14
Let h(v) = -v**2 + 8*v - 40. Determine h(5).
-25
Let z(d) = -2*d - 61. Give z(-13).
-35
Let z(t) = -t**3 + 2*t**2 + 2*t. Calculate z(2).
4
Let d(x) = x**3 - 8*x**2 - 3*x + 9. What is d(8)?
-15
Let y(a) = -a**2 + 18*a - 21. Give y(15).
24
Let d(f) = 10*f**2 - f - 1. What is d(-1)?
10
Let p(r) = r**3 + 5*r**2 - 7*r - 11. Give p(-6).
-5
Let h(f) = f**3 - 2*f**2 - 3*f + 8. Calculate h(6).
134
Let w(h) = -42*h. Calculate w(-1).
42
Let r(k) = -k - 34. What is r(0)?
-34
Let y(i) = 2*i**3 - 11*i**2 - 4*i. Give y(5).
-45
Let g(k) = 5*k - 14. Determine g(-10).
-64
Let r(h) = -h**2 + 10*h + 1. Give r(10).
1
Let b(r) = r**2 - r - 1. Give b(-12).
155
Let w(i) = -12*i**2 - i - 3. What is w(2)?
-53
Let q(k) = -5*k + 82. Give q(12).
22
Let x(u) = -33*u + 58. Determine x(2).
-8
Let j(u) = -u**3 + 3*u**2 + 5. What is j(5)?
-45
Let d(x) = 2*x**3 + 26*x**2 - 29*x + 2. What is d(-14)?
16
Let q(f) = -174*f - 698. Give q(-4).
-2
Let q(i) = 3*i**2 + 41*i - 15. Calculate q(-9).
-141
Let f(j) = j**3 - 5*j**2 - 10*j + 3. Determine f(6).
-21
Let w(k) = 4*k + 18. What is w(-6)?
-6
Let t(b) = 11*b**2 + b. Give t(2).
46
Let b(x) = x + 22. Give b(-17).
5
Let k(f) = -3*f + 13. Calculate k(0).
13
Let x(y) = 4*y - 24. Give x(9).
12
Let t(j) = 2*j**2 - 26*j + 120. Determine t(6).
36
Let w(u) = -u**3 - 4*u**2 + u. What is w(-3)?
-12
Let p(d) = -d**2 + 26*d - 63. What is p(26)?
-63
Let n(c) = 11*c**2 + 4*c + 3. Determine n(-1).
10
Let r(l) = -l**2 - 14*l - 14. What is r(-13)?
-1
Let k(i) = i**3 - 15*i**2 - i - 21. What is k(15)?
-36
Let j(k) = -5*k - 10. What is j(-9)?
35
Let h(z) = 2*z**2 - z - 5. Calculate h(-3).
16
Let h(t) = -2*t**3 + t**2 + 6*t - 6. What is h(1)?
-1
Let m(s) = 24*s + 41. Determine m(-4).
-55
Let y(t) = -t**3 - 4*t**2 - 3*t - 5. Give y(-3).
-5
Let h(k) = k - 14. Calculate h(9).
-5
Let k(u) = 3*u - 9. Calculate k(8).
15
Let b(d) = -10*d - 64. Calculate b(-6).
-4
Let g(u) = 7*u + 58. Give g(-11).
-19
Let x(d) = 2*d - 28. What is x(15)?
2
Let b(n) = 2*n**3 + 14*n**2 + 3*n - 61. Determine b(-6).
-7
Let z(b) = -b + 14. Calculate z(12).
2
Let r(k) = k**3 + 3*k**2 + 3*k + 3. Give r(-3).
-6
Let w(a) = a**3 + 5*a**2 - 3*a - 11. Calculate w(-5).
4
Let i(q) = -q**3 - 8*q**2 - 8*q - 2. What is i(-7)?
5
Let m(h) = h + 84. Calculate m(14).
98
Let n(k) = 2*k**3 + 2*k**2 - k - 4. Calculate n(3).
65
Let f(r) = -r**2 - 32*r + 128. Determine f(-36).
-16
Let w(r) = -377*r - 1511. What is w(-4)?
-3
Let h(x) = x**2 - 11*x + 17. What is h(9)?
-1
Let i(b) = -31*b + 27. Calculate i(4).
-97
Let a(k) = -k**2 - 4*k - 52. Calculate a(-8).
-84
Let q(h) = -11*h - 7. Determine q(-6).
59
Let c(n) = -2*n**3 - 8*n**2 - 5*n - 3. What is c(-5)?
72
Let x(a) = a**3 - 10*a**2 + 3. Calculate x(10).
3
Let x(f) = -f**2 + 7*f - 13. Calculate x(6).
-7
Let k(f) = -f**3 - 2*f**2 - f - 5. Give k(-4).
31
Let c(l) = 3*l + 4. Calculate c(-10).
-26
Let t(g) = g**3 + 2*g + 2. What is t(-2)?
-10
Let h(t) = 2*t**2 - 129*t - 478. Give h(68).
-2
Let n(j) = j**2 + 23*j + 141. Calculate n(-9).
15
Let l(t) = -t - 16. Calculate l(-8).
-8
Let v(g) = g + 10. Calculate v(-4).
6
Let p(l) = 4*l**2 - 162*l - 81. What is p(41)?
1
Let i(n) = 45*n**3 + n**2 + 2*n - 2. Determine i(1).
46
Let q(n) = 2*n + 33. Give q(-10).
13
Let w(c) = -c**3 - 7*c + 5. Calculate w(-4).
97
Let j(w) = -w**2 - 6*w + 14. Give j(-7).
7
Let y(g) = -g**2 + 15*g - 17. Give y(13).
9
Let l(i) = -2*i - 1. Give l(-1).
1
Let n(c) = c**3 + 15*c**2 - 17*c - 7. Give n(-16).
9
Let r(j) = j**2 - 8*j - 2. Determine r(7).
-9
Let p(r) = -r**3 + 14*r**2 - 14*r + 19. Determine p(13).
6
Let h(g) = -10*g - 5. Give h(1).
-15
Let x(y) = y**3 - 2*y**2 - 7*y - 1. What is x(4)?
3
Let y(g) = 11*g - 26. Give y(19).
183
Let m(f) = f**3 - 9*f**2 + 5*f + 55. Calculate m(9).
100
Let q(h) = 3*h - 6. Give q(6).
12
Let r(m) = -m**2 + 32*m + 14. What is r(26)?
170
Let q(b) = -b**3 - 17*b**2 - 23*b - 111. Calculate q(-16).
1
Let t(g) = g**2 - 2*g + 5. Give t(3).
8
Let k(y) = 30*y - 255. Determine k(8).
-15
Let j(k) = k**3 - 8*k**2 - 3*k - 16. Determine j(9).
38
Let h(w) = 7*w - 50. Determine h(6).
-8
Let q(g) = -g**3 + 11*g**2 + 9*g + 12. What is q(12)?
-24
Let z(x) = -3*x**3 + 6*x**2 - 10*x + 3. Calculate z(4).
-133
Let d(s) = s**2 - 32*s + 51. What is d(30)?
-9
Let a(f) = -2*f**3 + 8*f**2 + 14*f - 17. What is a(5)?
3
Let r(d) = 4*d + 54. Give r(-11).
10
Let y(w) = -w**3 - 8*w**2 - 2*w - 12. Determine y(-8).
4
Let h(b) = -9*b - 38. Give h(-4).
-2
Let s(p) = 2*p**3 + 2*p**2 - 2*p - 3. Calculate s(-2).
-7
Let k(n) = -2*n - 4. Calculate k(-4).
4
Let m(i) = -3*i**2 + 3*i + 5. Give m(0).
5
Let r(i) = -35*i**3 - 2*i - 1. What is r(-1)?
36
Let y(j) = -16*j - 14. Give y(-1).
2
Let s(k) = -k**2 + 14*k + 15. Determine s(15).
0
Let m(x) = 2*x - 2. Determine m(1).
0
Let q(w) = 18*w**3 - w**2 - 3*w + 11. Calculate q(2).
145
Let f(g) = 2*g**3 + 27*g**2 + 15*g + 29. Calculate f(-13).
3
Let o(n) = n**3 - 14*n**2 + 11*n + 15. Give o(13).
-11
Let v(z) = -z**2 - z - 1. Calculate v(0).
-1
Let o(b) = 14*b**2 + 4*b - 4. Determine o(1).
14
Let o(r) = 20*r**2 + 2*r + 2. What is o(-1)?
20
Let n(j) = 2*j**2 - 6. Give n(5).
44
Let x(g) = g**3 + 25*g**2 + 46*g - 9. Give x(-23).
-9
Let w(k) = k**3 - 23*k**2 + 60*k + 7. Calculate w(20).
7
Let l(w) = w**3 - 8*w**2 + 12*w + 5. What is l(4)?
-11
Let b(q) = q - 2. Calculate b(-2).
-4
Let j(l) = -l**2 + 13*l - 8. Give j(9).
28
Let x(c) = -c**2 - 5*c + 6. Calculate x(-6).
0
Let p(r) = -r**2 + 4*r + 6. Calculate p(4).
6
Let p(y) = 2*y**2 + 2*y - 1. Determine p(-2).
3
Let f(s) = 3*s**3 - 3*s**2 - s - 5. Give f(2).
5
Let p(s) = s**2 - 17*s + 23. Give p(16).
7
Let x(n) = n**2 + n + 4. Calculate x(-2).
6
Let p(n) = -n**2 - 8*n + 58. What is p(-13)?
-7
Let z(l) = -l**3 - 7*l**2 - 6*l - 4. Calculate z(-4).
-28
Let z(u) = u**3 + u**2 - 5*u - 3. Give z(-5).
-78
Let p(l) = -l - 5. Calculate p(-11).
6
Let a(z) = 7*z**2 + 152*z + 106. Calculate a(-21).
1
Let h(q) = -8*q - 16. Determine h(0).
-16
Let s(x) = -x**3 - 5*x**2 + 10*x + 3. Determine s(-7).
31
Let m(v) = -v**2 - 12*v + 14. Calculate m(-13).
1
Let d(i) = i + 57. Calculate d(0).
57
Let t(a) = a**2 + 4*a - 30. What is t(-7)?
-9
Let m(f) = 2*f**3 - 29*f**2 + 15*f + 17. Calculate m(14).
31
Let u(f) = -25*f**2 + 2*f - 4. Determine u(1).
-27
Let s(i) = i + 2. What is s(3)?
5
Let g(z) = 2*z - 10. Calculate g(4).
-2
Let n(d) = -d**3 + 6*d**2 + 2*d + 19. Determine n(8).
-93
Let r(y) = -3*y - 30. Calculate r(-9).
-3
Let r(w) = -w**3 + 9*w**2 + 9*w + 12. Give r(10).
2
Let z(x) = -x - 14. Calculate z(-16).
2
Let b(a) = a**3 - 3*a**2 - 2*a + 5. Give b(4).
13
Let g(l) = -2*l**3 + 13*l**2 - 8*l + 1. Calculate g(6).
-11
Let i(u) = -5*u**2 - 19*u - 5. What is i(-3)?
7
Let c(h) = -2*h**3 - h**2 - 6*h - 4. Determine c(-1).
3
Let k(x) = -4*x - 81. Give k(-14).
-25
Let f(t) = -24*t**2 - 2*t + 1. Give f(1).
-25
Let i(h) = 47*h + 278. What is i(-6)?
-4
Let x(g) = -g**2 - 6*g - 4. Calculate x(-4).
4
Let x(m) = -m**3 + 6*m**2 - 6. What is x(6)?
-6
Let v(g) = -g**3 + 9*g**2 - 7*g - 10. Calculate v(8).
-2
Let v(t) = t - 14. Calculate v(18).
4
Let y(b) = b - 9. What is y(4)?
-5
Let y(d) = -d**3 - 6*d**2 + 7*d + 7. Give y(-7).
7
Let p(w) = -7*w + 12. Calculate p(-9).
75
Let t(j) = -8*j - 20. What is t(-3)?
4
Let t(u) = u + 1. Give t(3).
4
Let s(c) = c - 19. Give s(6).
-13
Let w(o) = 3*o + 9. Calculate w(-2).
3
Let v(o) = -o**3 - 8*o**2 - 10*o 